{"id":2,"date":"2020-12-27T18:26:05","date_gmt":"2020-12-27T21:26:05","guid":{"rendered":"http:\/\/cursocomunitariobonsucesso.com.br\/site\/?page_id=2"},"modified":"2021-01-16T15:29:35","modified_gmt":"2021-01-16T18:29:35","slug":"home","status":"publish","type":"page","link":"https:\/\/cursocomunitariobonsucesso.com.br\/site\/","title":{"rendered":"Home"},"content":{"rendered":"\n<p>Esta \u00e9 uma p\u00e1gina de exemplo. \u00c9 diferente de um post no blog porque ela permanecer\u00e1 em um lugar e aparecer\u00e1 na navega\u00e7\u00e3o do seu site na maioria dos temas. Muitas pessoas come\u00e7am com uma p\u00e1gina que as apresenta a poss\u00edveis visitantes do site. Ela pode dizer algo assim:<\/p>\n\n\n\n<blockquote class=\"wp-block-quote\"><p>Ol\u00e1! Eu sou um mensageiro de bicicleta durante o dia, ator aspirante \u00e0 noite, e este \u00e9 o meu site. Eu moro em S\u00e3o Paulo, tenho um grande cachorro chamado Rex e gosto de tomar caipirinha (e banhos de chuva).<\/p><\/blockquote>\n\n\n\n<p>&#8230;ou alguma coisa assim:<\/p>\n\n\n\n<blockquote class=\"wp-block-quote\"><p>A Companhia de Miniaturas XYZ foi fundada em 1971, e desde ent\u00e3o tem fornecido miniaturas de qualidade ao p\u00fablico. Localizada na cidade de Itu, a XYZ emprega mais de 2.000 pessoas e faz coisas grandiosas para a comunidade da cidade.<\/p><\/blockquote>\n\n\n\n<p>Como um novo usu\u00e1rio do WordPress, voc\u00ea deveria ir ao <a href=\"http:\/\/cursocomunitariobonsucesso.com.br\/site\/wp-admin\/\">painel<\/a> para excluir essa p\u00e1gina e criar novas p\u00e1ginas para o seu conte\u00fado. Divirta-se!<\/p>\n\n\n<ul class=\"wp-block-latest-posts__list has-author wp-block-latest-posts\"><li><div class=\"wp-block-latest-posts__featured-image\"><img width=\"150\" height=\"150\" src=\"https:\/\/cursocomunitariobonsucesso.com.br\/site\/wp-content\/uploads\/2025\/02\/ImagemMatricula2025-2-150x150.jpeg\" class=\"attachment-thumbnail size-thumbnail wp-post-image\" alt=\"\" loading=\"lazy\" style=\"\" srcset=\"https:\/\/cursocomunitariobonsucesso.com.br\/site\/wp-content\/uploads\/2025\/02\/ImagemMatricula2025-2-150x150.jpeg 150w, https:\/\/cursocomunitariobonsucesso.com.br\/site\/wp-content\/uploads\/2025\/02\/ImagemMatricula2025-2-105x105.jpeg 105w\" sizes=\"(max-width: 150px) 100vw, 150px\" \/><\/div><a href=\"https:\/\/cursocomunitariobonsucesso.com.br\/site\/noticias\/convocacao-e-confirmacao-de-matricula-presencial-2025\/\">Convoca\u00e7\u00f5es e Confirma\u00e7\u00f5es de Matr\u00edcula &#8211; 2025<\/a><div class=\"wp-block-latest-posts__post-author\">por CursinhoBonsucesso<\/div><div class=\"wp-block-latest-posts__post-excerpt\">O Cursinho Comunit\u00e1rio Bonsucesso apresenta abaixo as atualiza\u00e7\u00f5es sobre as convoca\u00e7\u00f5es para Matr\u00edcula, bem como as confirma\u00e7\u00f5es de estudantes matriculados ou com pend\u00eancias. A medida que aconte\u00e7am novas publicas esta p\u00e1gina ser\u00e1 atualizada. Acompanhe!! Qualquer quest\u00e3o acione a coordena\u00e7\u00e3o por meio do WhatsApp clicando AQUI Guarulhos, 24 de mar\u00e7o de 2025 (\u00daltima atualiza\u00e7\u00e3o) O Cursinho [&hellip;]<\/div><\/li>\n<li><div class=\"wp-block-latest-posts__featured-image\"><img width=\"150\" height=\"150\" src=\"https:\/\/cursocomunitariobonsucesso.com.br\/site\/wp-content\/uploads\/2022\/03\/BLOG-CURSINHO-150x150.png\" class=\"attachment-thumbnail size-thumbnail wp-post-image\" alt=\"\" loading=\"lazy\" style=\"\" srcset=\"https:\/\/cursocomunitariobonsucesso.com.br\/site\/wp-content\/uploads\/2022\/03\/BLOG-CURSINHO-150x150.png 150w, https:\/\/cursocomunitariobonsucesso.com.br\/site\/wp-content\/uploads\/2022\/03\/BLOG-CURSINHO-366x366.png 366w, https:\/\/cursocomunitariobonsucesso.com.br\/site\/wp-content\/uploads\/2022\/03\/BLOG-CURSINHO-105x105.png 105w\" sizes=\"(max-width: 150px) 100vw, 150px\" \/><\/div><a href=\"https:\/\/cursocomunitariobonsucesso.com.br\/site\/noticias\/aula-inaugural-2022\/\">VOLTA \u00c0S AULAS 2022 &#8211; Aula Inaugural<\/a><div class=\"wp-block-latest-posts__post-author\">por Daniele Lima Santos<\/div><div class=\"wp-block-latest-posts__post-excerpt\">No \u00faltimo fim de semana dos dias 05 e 06 de mar\u00e7o iniciaram as aulas no Cursinho Comunit\u00e1rio Bonsucesso e cerca de 50 alunos encheram as salas para assistirem \u00e0s primeiras aulas. Todos est\u00e3o em busca de uma prepara\u00e7\u00e3o para os maiores vestibulares do pa\u00eds. Depois de dois anos inteiros estudando em casa devido \u00e0 [&hellip;]<\/div><\/li>\n<li><div class=\"wp-block-latest-posts__featured-image\"><img width=\"150\" height=\"150\" src=\"https:\/\/cursocomunitariobonsucesso.com.br\/site\/wp-content\/uploads\/2021\/06\/BLOG-CURSINHO-150x150.png\" class=\"attachment-thumbnail size-thumbnail wp-post-image\" alt=\"\" loading=\"lazy\" style=\"\" srcset=\"https:\/\/cursocomunitariobonsucesso.com.br\/site\/wp-content\/uploads\/2021\/06\/BLOG-CURSINHO-150x150.png 150w, https:\/\/cursocomunitariobonsucesso.com.br\/site\/wp-content\/uploads\/2021\/06\/BLOG-CURSINHO-366x366.png 366w, https:\/\/cursocomunitariobonsucesso.com.br\/site\/wp-content\/uploads\/2021\/06\/BLOG-CURSINHO-105x105.png 105w\" sizes=\"(max-width: 150px) 100vw, 150px\" \/><\/div><a href=\"https:\/\/cursocomunitariobonsucesso.com.br\/site\/ex-alunos\/minha-trajetoria-bianca-olanda\/\">Minha Trajet\u00f3ria | Bianca Olanda<\/a><div class=\"wp-block-latest-posts__post-author\">por Bianca Olanda<\/div><div class=\"wp-block-latest-posts__post-excerpt\">Ol\u00e1, me chamo Bianca Olanda, tenho 28 anos, sou moradora do bairro de Bonsucesso, Guarulhos desde que nasci e sempre estudei em escola p\u00fablica. Conheci o cursinho no ensino m\u00e9dio atrav\u00e9s do meu professor de f\u00edsica da \u00e9poca, por motivos pessoais s\u00f3 fui atr\u00e1s dele 3 anos depois em janeiro de 2013 ap\u00f3s me formar [&hellip;]<\/div><\/li>\n<li><div class=\"wp-block-latest-posts__featured-image\"><img width=\"150\" height=\"150\" src=\"https:\/\/cursocomunitariobonsucesso.com.br\/site\/wp-content\/uploads\/2021\/05\/BLOG-CURSINHO-150x150.png\" class=\"attachment-thumbnail size-thumbnail wp-post-image\" alt=\"\" loading=\"lazy\" style=\"\" srcset=\"https:\/\/cursocomunitariobonsucesso.com.br\/site\/wp-content\/uploads\/2021\/05\/BLOG-CURSINHO-150x150.png 150w, https:\/\/cursocomunitariobonsucesso.com.br\/site\/wp-content\/uploads\/2021\/05\/BLOG-CURSINHO-366x366.png 366w, https:\/\/cursocomunitariobonsucesso.com.br\/site\/wp-content\/uploads\/2021\/05\/BLOG-CURSINHO-105x105.png 105w\" sizes=\"(max-width: 150px) 100vw, 150px\" \/><\/div><a href=\"https:\/\/cursocomunitariobonsucesso.com.br\/site\/ex-alunos\/minha-trajetoria-bianca-rupp\/\">Minha trajet\u00f3ria | Bianca Rupp<\/a><div class=\"wp-block-latest-posts__post-author\">por Bianca Rupp<\/div><div class=\"wp-block-latest-posts__post-excerpt\">Sobre a minha trajet\u00f3ria desde a conclus\u00e3o do ensino m\u00e9dio at\u00e9 a conquista do t\u00e3o desejado diploma de gradua\u00e7\u00e3o: de imediato j\u00e1 adianto, n\u00e3o \u00e9 um caminho f\u00e1cil, por\u00e9m \u00e9 imensamente compensador. &#8220;(&#8230;) n\u00e3o \u00e9 um caminho f\u00e1cil, por\u00e9m \u00e9 imensamente compensador&#8221; No meu caso o apoio da minha fam\u00edlia foi parte fundamental durante o [&hellip;]<\/div><\/li>\n<li><div class=\"wp-block-latest-posts__featured-image\"><img width=\"150\" height=\"150\" src=\"https:\/\/cursocomunitariobonsucesso.com.br\/site\/wp-content\/uploads\/2021\/04\/BLOG-CURSINHO-1-150x150.png\" class=\"attachment-thumbnail size-thumbnail wp-post-image\" alt=\"\" loading=\"lazy\" style=\"\" srcset=\"https:\/\/cursocomunitariobonsucesso.com.br\/site\/wp-content\/uploads\/2021\/04\/BLOG-CURSINHO-1-150x150.png 150w, https:\/\/cursocomunitariobonsucesso.com.br\/site\/wp-content\/uploads\/2021\/04\/BLOG-CURSINHO-1-366x366.png 366w, https:\/\/cursocomunitariobonsucesso.com.br\/site\/wp-content\/uploads\/2021\/04\/BLOG-CURSINHO-1-105x105.png 105w\" sizes=\"(max-width: 150px) 100vw, 150px\" \/><\/div><a href=\"https:\/\/cursocomunitariobonsucesso.com.br\/site\/ex-alunos\/minha-trajetoria-ate-a-medicina\/\">Minha trajet\u00f3ria at\u00e9 a Medicina<\/a><div class=\"wp-block-latest-posts__post-author\">por Jaqueline Santos<\/div><div class=\"wp-block-latest-posts__post-excerpt\">Diferente do que todos provavelmente podem imaginar, fazer medicina nunca foi o meu sonho desde crian\u00e7a. Tive uma inf\u00e2ncia e adolesc\u00eancia simples, moradora da periferia de Guarulhos, filha de pais separados e dois irm\u00e3os. O est\u00edmulo de fazer uma faculdade n\u00e3o existia, n\u00e3o possu\u00eda refer\u00eancias na fam\u00edlia, n\u00e3o tinha tios na faculdade ou primos e [&hellip;]<\/div><\/li>\n<\/ul><div class='sfsi_Sicons' style='width: 100%; display: inline-block; vertical-align: middle; text-align:left'><div style='margin:0px 8px 0px 0px; line-height: 24px'><span>Compartilhe, curta e siga!!!<\/span><\/div><div class='sfsi_socialwpr'><div class='sf_fb_share sf_icon' style='text-align:left;vertical-align: middle;'><a href='https:\/\/www.facebook.com\/sharer\/sharer.php?u=https%3A%2F%2Fcursocomunitariobonsucesso.com.br%2Fsite%2F' style='display:inline-block;'  > <img class='sfsi_wicon'  data-pin-nopin='true' width='auto' height='auto' alt='fb-share-icon' title='Facebook Share' src='https:\/\/cursocomunitariobonsucesso.com.br\/site\/wp-content\/plugins\/ultimate-social-media-icons\/images\/visit_icons\/fbshare_bck.png'  \/><\/a><\/div><div class='sf_twiter sf_icon' style='display: inline-block;vertical-align: middle;width: auto;margin-left: 7px;'>\r\n\t\t\t\t\t\t<a target='_blank' href='https:\/\/twitter.com\/intent\/tweet?text=Home+https:\/\/cursocomunitariobonsucesso.com.br\/site\/'style='display:inline-block' >\r\n\t\t\t\t\t\t\t<img data-pin-nopin= true width='auto' class='sfsi_wicon' src='https:\/\/cursocomunitariobonsucesso.com.br\/site\/wp-content\/plugins\/ultimate-social-media-icons\/images\/visit_icons\/en_US_Tweet.svg' alt='Tweet' title='Tweet' >\r\n\t\t\t\t\t\t<\/a>\r\n\t\t\t\t\t<\/div><\/div><\/div>","protected":false},"excerpt":{"rendered":"<p>Esta \u00e9 uma p\u00e1gina de exemplo. \u00c9 diferente de um post no blog porque ela permanecer\u00e1 em um lugar e aparecer\u00e1 na navega\u00e7\u00e3o do seu site na maioria dos temas. Muitas pessoas come\u00e7am com uma p\u00e1gina que as apresenta a poss\u00edveis visitantes do site. Ela pode dizer algo assim: Ol\u00e1! Eu sou um mensageiro de [&hellip;]<\/p>\n","protected":false},"author":1,"featured_media":0,"parent":0,"menu_order":0,"comment_status":"closed","ping_status":"closed","template":"","meta":[],"_links":{"self":[{"href":"https:\/\/cursocomunitariobonsucesso.com.br\/site\/wp-json\/wp\/v2\/pages\/2"}],"collection":[{"href":"https:\/\/cursocomunitariobonsucesso.com.br\/site\/wp-json\/wp\/v2\/pages"}],"about":[{"href":"https:\/\/cursocomunitariobonsucesso.com.br\/site\/wp-json\/wp\/v2\/types\/page"}],"author":[{"embeddable":true,"href":"https:\/\/cursocomunitariobonsucesso.com.br\/site\/wp-json\/wp\/v2\/users\/1"}],"replies":[{"embeddable":true,"href":"https:\/\/cursocomunitariobonsucesso.com.br\/site\/wp-json\/wp\/v2\/comments?post=2"}],"version-history":[{"count":3,"href":"https:\/\/cursocomunitariobonsucesso.com.br\/site\/wp-json\/wp\/v2\/pages\/2\/revisions"}],"predecessor-version":[{"id":16,"href":"https:\/\/cursocomunitariobonsucesso.com.br\/site\/wp-json\/wp\/v2\/pages\/2\/revisions\/16"}],"wp:attachment":[{"href":"https:\/\/cursocomunitariobonsucesso.com.br\/site\/wp-json\/wp\/v2\/media?parent=2"}],"curies":[{"name":"wp","href":"https:\/\/api.w.org\/{rel}","templated":true}]}}